ors of o.
2, 5
Suppose 6*r = 1127 + 571. What are the prime factors of r?
283
Let c = -132 + 233. List the prime factors of c.
101
Let t = -134 - -71. What are the prime factors of 4/((-6)/t*3)?
2, 7
Let d = -178 + 202. List the prime factors of d.
2, 3
Let w be 23/4 - 5/(-20). Let t(z) = 3*z**3 - z**2 - z. Let i be t(-1). Let h = w + i. What are the prime factors of h?
3
What are the prime factors of (-1)/(-3) + (-4)/((-48)/932)?
2, 3, 13
Suppose -2*q - 8 = 4*p - 0*q, -5*q = -4*p + 6. Let t = p + 11. What are the prime factors of t?
2, 5
Suppose -r = -w - w - 3, -3*w = -r + 2. Suppose -3*t + 92 = 2*v + 16, 0 = -4*t + r*v + 86. Suppose 3*d - 6 = t. List the prime factors of d.
2, 5
Let s = -47 - -102. What are the prime factors of s?
5, 11
Let x = -9 - -2. Let n(f) = -f**2 - 8*f + 8. What are the prime factors of n(x)?
3, 5
Let w(z) = 51*z**2 + 3*z - 2. What are the prime factors of w(-2)?
2, 7
Suppose -u = -8 - 22. What are the prime factors of u?
2, 3, 5
Let g(i) = 172*i**2 - i - 1. Let m be g(-1). Suppose 3*s + m = 7*s. List the prime factors of s.
43
Let w = -10 - -10. Suppose 2*f - 16 - 22 = w. Let m = f + -1. List the prime factors of m.
2, 3
Let b(g) = g + 2. Let n(u) = -u. Let f = 0 + -4. Let l be n(f). What are the prime factors of b(l)?
2, 3
Let v(y) = 5*y**2 - 3*y. Let z be v(3). Suppose -3*b + 35 + z = 4*u, 3*u + 4*b - 62 = 0. What are the prime factors of u?
2, 7
Let k(o) = 2*o**3 + 3*o**2 - 2*o - 4. List the prime factors of k(3).
71
Suppose -2*u = -2*a - 40 - 2, -3*u - 2*a = -38. Suppose -x + 5*x = -u. Let z = 6 + x. List the prime factors of z.
2
Suppose 5*q = -r + 868, q + 3*r = 132 + 36. What are the prime factors of q?
2, 3, 29
Let i be 0*-1*(-2)/(-2). Let o(r) = r**3 - r**2 + 6. List the prime factors of o(i).
2, 3
Let n = 22 + -8. Suppose 3*f - 16 = n. Suppose -f = -p - p. What are the prime factors of p?
5
Suppose 2*l = -3*h + 113, 0 = -4*l + 3*l + h + 59. What are the prime factors of l?
2, 29
Let l(u) = -u**3 + 12*u**2 + 16*u + 6. List the prime factors of l(13).
3, 5
Let q = 302 + -163. List the prime factors of q.
139
Let g(t) = -t**3 + 5*t**2 - 5*t + 2. Let u be g(3). Let w(a) = 0 + 4 + 0*a**2 + u + a**2 - a. What are the prime factors of w(0)?
3
Let g(m) = m**3 - 2*m**2 + 2*m - 2. Let t be g(2). Suppose -54 = -h - t*h. Suppose a + h = 4*a. What are the prime factors of a?
2, 3
Suppose -1 + 0 = -z. Suppose 31 = 5*a + 1. Suppose -i = z - a. List the prime factors of i.
5
Let n = 238 - 164. List the prime factors of n.
2, 37
Suppose 6*h - 204 = 2*h. What are the prime factors of h?
3, 17
Let f(h) = h + 17. Let a be f(-12). Suppose c + 57 = a*w, 5*w - 5*c - 63 = -c. List the prime factors of w.
11
Let f(y) = -4 + 2 + 0 + 1 + 2*y**2. What are the prime factors of f(2)?
7
Let o(w) = 3*w**2 - w + 4. Let u be o(-3). Let t = -16 + u. List the prime factors of t.
2, 3
Suppose -x = -3*a - 150, a + 290 = 4*x - 2*x. List the prime factors of x.
2, 3
Let j(a) = -a**3 + 16*a**2 + 3*a + 18. What are the prime factors of j(16)?
2, 3, 11
Let v = 169 + -97. What are the prime factors of v?
2, 3
What are the prime factors of (3 - 4 - -2) + 44?
3, 5
Let h = 5 - 5. Let u(o) = o + 5. Let s be u(h). Suppose -s*j + 4*j = -4. What are the prime factors of j?
2
Suppose -s - 4*a - 79 = -4*s, 2*s = 5*a + 62. List the prime factors of s.
3, 7
Let k = 51 + -26. What are the prime factors of k?
5
Let i(a) = a**3 - 9*a**2 - 2. Let m be i(9). Let u be ((-92)/2)/m + 3. Let b = u + -17. What are the prime factors of b?
3
Suppose 37 = -f + 132. What are the prime factors of f?
5, 19
Suppose -5*m - g + 13 = -2*g, 4*g = -2*m - 8. Suppose m*b = b + 4*i, -5*i = b. Suppose -5*w + 0*w + 15 = b. List the prime factors of w.
3
Let u(n) = -6*n**3 + n + 1. Let c be u(-1). Suppose -c*z = -3*z - 24. List the prime factors of z.
2
Let q = -14 - -23. Let n = -5 + q. List the prime factors of n.
2
Let d = 98 - 38. List the prime factors of d.
2, 3, 5
List the prime factors of 24/(-20)*225/(-6).
3, 5
Let u(q) = q**2 + 9*q + 15. List the prime factors of u(-9).
3, 5
Suppose -2*b + 4*v = -7*b + 22, 0 = b + v - 4. List the prime factors of ((-10)/(-3))/(4/b).
5
Suppose 0 = -5*k, -112 = -3*m - k - 1. List the prime factors of m.
37
Let n(k) = 12*k**2 + 2*k + 11. Let i(r) = -r**3 - 1. Let h(y) = i(y) - n(y). List the prime factors of h(-12).
2, 3
Suppose 5*h - 12 = -4*q, 0 = 5*q - h - 4*h - 15. Suppose -q*p + 0*p + 60 = 0. List the prime factors of p.
2, 5
Let q = -11 - -11. Suppose q = -f + 3, 5*a + 0*a + 3*f - 24 = 0. List the prime factors of a.
3
Let y(v) = -v + 7. Let p be y(5). Suppose 3*q - 274 = 2*s - 49, -s - 130 = p*q. What are the prime factors of (24/10)/((-18)/s)?
2
Suppose 85 - 855 = -7*m. List the prime factors of m.
2, 5, 11
Suppose 0 = -4*p + 161 + 39. What are the prime factors of p?
2, 5
Suppose 3*n - 8 = -26. What are the prime factors of (-16)/12*171/n?
2, 19
Suppose n + 4 = 8. Suppose -2*m + n*f + 113 = 29, 5*f + 84 = 2*m. What are the prime factors of m?
2, 3, 7
Suppose -w - 2*w = -75. List the prime factors of w.
5
Suppose 2*o - 4 = -0*o. Let x = o + 1. List the prime factors of x.
3
Let d(i) = -i**3 - 14*i**2 - 30*i - 2. What are the prime factors of d(-12)?
2, 5, 7
Let p = 6 - 8. Let n be (-2)/8 + (-37)/(-4). Let x = n + p. List the prime factors of x.
7
Suppose 5*k - 180 = k. Suppose 2*o - k = -3*o. List the prime factors of o.
3
Let q = -5 + 20. Suppose -3*g = -h + 5*h - 29, 3*g = 3*h + q. List the prime factors of g.
7
List the prime factors of 2/3*(4 - 1).
2
Suppose -7 = -4*w + w - 2*z, 0 = -3*w + 5*z - 28. Let u = w - 4. Let f(i) = -3*i - 3. List the prime factors of f(u).
2, 3
Suppose -4*o + 48 = -16. List the prime factors of o.
2
Suppose -4*o + 24 - 4 = 0. Suppose o*z = 6 + 14. List the prime factors of z.
2
Let k(x) = -3*x**2 - 3*x + 4 + 4*x**2 + 0*x**2. List the prime factors of k(3).
2
Suppose -10 - 2 = 3*j. Let h = j + 7. List the prime factors of h.
3
Let w(i) be the third derivative of -19*i**4/12 - i**3/6 + 4*i**2. List the prime factors of w(-1).
37
What are the prime factors of -20 + 17 - (-1 - 41)?
3, 13
Let v(i) = -2*i**3 + 3 - i**3 + 3*i + 0. What are the prime factors of v(-2)?
3, 7
Suppose -4*q + 2*q + 76 = 0. List the prime factors of q.
2, 19
Suppose 0 = a - 21 - 56. List the prime factors of a.
7, 11
Let h be (-4)/(-10) - (-324)/(-10). Let s = -20 - h. List the prime factors of s.
2, 3
Let l(g) = -13*g - 2. What are the prime factors of l(-1)?
11
Let a be ((-18)/8)/(2/8). Suppose -3*k + 4 = -7*k, -3*k = 3*s - 6. List the prime factors of (-102)/a + s/(-9).
11
Suppose 5*l - 6 - 19 = 0. Suppose l*d - 314 = -94. What are the prime factors of (-6)/(-10) - d/(-10)?
5
Let q be 6*(10/6 + -1). Suppose -2*p + 14 = q*x, -2*x + 5 = -p - 12. What are the prime factors of 110/9 + x/(-27)?
2, 3
Let i(p) be the first derivative of p**4/4 - p**2 + p - 2. Let a be i(1). Suppose -2*z - 2*c + 14 = -4*c, a = 3*z + 5*c - 45. List the prime factors of z.
2, 5
Suppose 2*a = a - l + 56, a - 53 = -4*l. Suppose -4*k - 13 = -a. List the prime factors of k.
11
Suppose 56 = -5*x - 4*d, -3*x = -d + 24 - 4. Let t = x + 10. List the prime factors of t.
2
Let g be (-4)/6*(-75)/10. Suppose -g = -y - 3. What are the prime factors of y?
2
Suppose -6*m + 3*m = -33. List the prime factors of m.
11
Let f(i) = -i**2 + 24*i - 12. Let m be f(10). Suppose 2*c = -2*c + m. Let t = 48 - c. List the prime factors of t.
2
List the prime factors of -3 + 13*6/3.
23
Let v be 0 + (-10 + 1)/3. What are the prime factors of 3*(18/3 + v)?
3
Let z(v) = -9*v**2 - 2*v + 1. Let p be z(1). Let g = p - -4. Let a = g - -10. List the prime factors of a.
2
Suppose 0 = n - 4, 5 = 2*b - 5*n + 3. Suppose -2*r = -5*x + 2, 2*r - x - b = 3. List the prime factors of 6/(-4)*(-66)/r.
11
Let f(u) = u**2 + 5*u - 4. Let s be f(-6). Suppose b + 3 = -s. Let p = b - -12. What are the prime factors of p?
7
Suppose 0 = k - 3*p - 48, k - 54 = -3*p + 6. What are the prime factors of k?
2, 3
What are the prime factors of (-15)/2*16/(-24)?
5
Let g = -3 + 5. Suppose f + 0*j + 3*j = 0, -g*f - 5*j = -5. What are the prime factors of f?
3, 5
Let q(l) = l**2 - 3*l - 1. Let p be q(7). List the prime factors of 1/(84/p - 3).
3
Let o = -15 - -99. What are the prime factors of o?
2, 3, 7
Let b = -4 + 5. Let r